{"id":2778,"date":"2024-08-27T15:07:27","date_gmt":"2024-08-27T13:07:27","guid":{"rendered":"https:\/\/tafel-fr-231208.studio-lib.de\/?page_id=2778"},"modified":"2024-09-17T16:02:57","modified_gmt":"2024-09-17T14:02:57","slug":"fr-schmieder-und-herr-freitag","status":"publish","type":"page","link":"https:\/\/frankfurter-tafel.org\/en\/about\/fr-schmieder-und-herr-freitag\/","title":{"rendered":"Gr\u00fcndung"},"content":{"rendered":"<div data-elementor-type=\"wp-page\" data-elementor-id=\"2778\" class=\"elementor elementor-2778\">\n\t\t\t\t\t\t<section class=\"elementor-section elementor-top-section elementor-element elementor-element-224b9fc elementor-section-height-min-height elementor-section-stretched elementor-section-boxed elementor-section-height-default elementor-section-items-middle\" data-id=\"224b9fc\" data-element_type=\"section\" data-e-type=\"section\" data-settings=\"{&quot;background_background&quot;:&quot;classic&quot;,&quot;stretch_section&quot;:&quot;section-stretched&quot;}\">\n\t\t\t\t\t\t<div class=\"elementor-container elementor-column-gap-default\">\n\t\t\t\t\t<div class=\"elementor-column elementor-col-100 elementor-top-column elementor-element elementor-element-ab4e8a2\" data-id=\"ab4e8a2\" data-element_type=\"column\" data-e-type=\"column\">\n\t\t\t<div class=\"elementor-widget-wrap\">\n\t\t\t\t\t\t\t<\/div>\n\t\t<\/div>\n\t\t\t\t\t<\/div>\n\t\t<\/section>\n\t\t\t\t<section class=\"elementor-section elementor-top-section elementor-element elementor-element-ef12c4c elementor-section-boxed elementor-section-height-default elementor-section-height-default\" data-id=\"ef12c4c\" data-element_type=\"section\" data-e-type=\"section\">\n\t\t\t\t\t\t<div class=\"elementor-container elementor-column-gap-default\">\n\t\t\t\t\t<div class=\"elementor-column elementor-col-100 elementor-top-column elementor-element elementor-element-e610401\" data-id=\"e610401\" data-element_type=\"column\" data-e-type=\"column\">\n\t\t\t<div class=\"elementor-widget-wrap\">\n\t\t\t\t\t\t\t<\/div>\n\t\t<\/div>\n\t\t\t\t\t<\/div>\n\t\t<\/section>\n\t\t\t\t<section class=\"elementor-section elementor-top-section elementor-element elementor-element-4291615 elementor-section-boxed elementor-section-height-default elementor-section-height-default\" data-id=\"4291615\" data-element_type=\"section\" data-e-type=\"section\">\n\t\t\t\t\t\t<div class=\"elementor-container elementor-column-gap-default\">\n\t\t\t\t\t<div class=\"elementor-column elementor-col-100 elementor-top-column elementor-element elementor-element-c9aeade\" data-id=\"c9aeade\" data-element_type=\"column\" data-e-type=\"column\">\n\t\t\t<div class=\"elementor-widget-wrap elementor-element-populated\">\n\t\t\t\t\t\t<div class=\"elementor-element elementor-element-30b328b elementor-widget elementor-widget-heading\" data-id=\"30b328b\" data-element_type=\"widget\" data-e-type=\"widget\" data-widget_type=\"heading.default\">\n\t\t\t\t<div class=\"elementor-widget-container\">\n\t\t\t\t\t<h1 class=\"elementor-heading-title elementor-size-default\">Frau Schmieder und Herr Freitag<\/h1>\t\t\t\t<\/div>\n\t\t\t\t<\/div>\n\t\t\t\t\t<\/div>\n\t\t<\/div>\n\t\t\t\t\t<\/div>\n\t\t<\/section>\n\t\t\t\t<section class=\"elementor-section elementor-top-section elementor-element elementor-element-257c3e8 elementor-section-content-middle elementor-section-boxed elementor-section-height-default elementor-section-height-default\" data-id=\"257c3e8\" data-element_type=\"section\" data-e-type=\"section\">\n\t\t\t\t\t\t<div class=\"elementor-container elementor-column-gap-default\">\n\t\t\t\t\t<div class=\"elementor-column elementor-col-100 elementor-top-column elementor-element elementor-element-4071a9b\" data-id=\"4071a9b\" data-element_type=\"column\" data-e-type=\"column\">\n\t\t\t<div class=\"elementor-widget-wrap elementor-element-populated\">\n\t\t\t\t\t\t<div class=\"elementor-element elementor-element-db66bf4 elementor-widget__width-auto elementor-widget elementor-widget-image\" data-id=\"db66bf4\" data-element_type=\"widget\" data-e-type=\"widget\" data-widget_type=\"image.default\">\n\t\t\t\t<div class=\"elementor-widget-container\">\n\t\t\t\t\t\t\t\t\t\t\t\t<figure class=\"wp-caption\">\n\t\t\t\t\t\t\t\t\t\t<img fetchpriority=\"high\" decoding=\"async\" width=\"188\" height=\"300\" src=\"https:\/\/frankfurter-tafel.org\/wp-content\/uploads\/2024\/09\/Hella-Schmieder-188x300.jpg\" class=\"attachment-medium size-medium wp-image-3021\" alt=\"\" srcset=\"https:\/\/frankfurter-tafel.org\/wp-content\/uploads\/2024\/09\/Hella-Schmieder-188x300.jpg 188w, https:\/\/frankfurter-tafel.org\/wp-content\/uploads\/2024\/09\/Hella-Schmieder-8x12.jpg 8w, https:\/\/frankfurter-tafel.org\/wp-content\/uploads\/2024\/09\/Hella-Schmieder.jpg 272w\" sizes=\"(max-width: 188px) 100vw, 188px\" \/>\t\t\t\t\t\t\t\t\t\t\t<figcaption class=\"widget-image-caption wp-caption-text\">Hella Schmieder<\/figcaption>\n\t\t\t\t\t\t\t\t\t\t<\/figure>\n\t\t\t\t\t\t\t\t\t<\/div>\n\t\t\t\t<\/div>\n\t\t\t\t<div class=\"elementor-element elementor-element-105521f elementor-widget__width-auto elementor-widget elementor-widget-image\" data-id=\"105521f\" data-element_type=\"widget\" data-e-type=\"widget\" data-widget_type=\"image.default\">\n\t\t\t\t<div class=\"elementor-widget-container\">\n\t\t\t\t\t\t\t\t\t\t\t\t<figure class=\"wp-caption\">\n\t\t\t\t\t\t\t\t\t\t<img decoding=\"async\" width=\"188\" height=\"300\" src=\"https:\/\/frankfurter-tafel.org\/wp-content\/uploads\/2024\/09\/Dieter-Freitag-188x300.jpg\" class=\"attachment-medium size-medium wp-image-2887\" alt=\"\" srcset=\"https:\/\/frankfurter-tafel.org\/wp-content\/uploads\/2024\/09\/Dieter-Freitag-188x300.jpg 188w, https:\/\/frankfurter-tafel.org\/wp-content\/uploads\/2024\/09\/Dieter-Freitag-8x12.jpg 8w, https:\/\/frankfurter-tafel.org\/wp-content\/uploads\/2024\/09\/Dieter-Freitag.jpg 272w\" sizes=\"(max-width: 188px) 100vw, 188px\" \/>\t\t\t\t\t\t\t\t\t\t\t<figcaption class=\"widget-image-caption wp-caption-text\">Dieter Freitag<\/figcaption>\n\t\t\t\t\t\t\t\t\t\t<\/figure>\n\t\t\t\t\t\t\t\t\t<\/div>\n\t\t\t\t<\/div>\n\t\t\t\t\t<\/div>\n\t\t<\/div>\n\t\t\t\t\t<\/div>\n\t\t<\/section>\n\t\t\t\t<section class=\"elementor-section elementor-top-section elementor-element elementor-element-de69f64 elementor-section-boxed elementor-section-height-default elementor-section-height-default\" data-id=\"de69f64\" data-element_type=\"section\" data-e-type=\"section\">\n\t\t\t\t\t\t<div class=\"elementor-container elementor-column-gap-default\">\n\t\t\t\t\t<div class=\"elementor-column elementor-col-100 elementor-top-column elementor-element elementor-element-210c63a\" data-id=\"210c63a\" data-element_type=\"column\" data-e-type=\"column\">\n\t\t\t<div class=\"elementor-widget-wrap elementor-element-populated\">\n\t\t\t\t\t\t<div class=\"elementor-element elementor-element-92c2060 elementor-widget elementor-widget-text-editor\" data-id=\"92c2060\" data-element_type=\"widget\" data-e-type=\"widget\" data-widget_type=\"text-editor.default\">\n\t\t\t\t<div class=\"elementor-widget-container\">\n\t\t\t\t\t\t\t\t\t<p style=\"text-align: left;\"><span style=\"color: black;\">Die Frankfurter Tafel e.V. wurde 1995 von Hella Schmieder im Alter von 75 Jahren gegr\u00fcndet. Sie wollte etwas gegen die Verschwendung von Lebensmitteln und die Not bed\u00fcrftiger Menschen in Frankfurt unternehmen. Zu Beginn hatte die Frankfurter Tafel weder ein Fahrzeug noch gro\u00dfe Ressourcen, aber Hella Schmieder konnte Unterst\u00fctzung von verschiedenen Seiten gewinnen. Beispielsweise stellte der Filmregisseur Artur Brauner ein kostenfreies B\u00fcro zur Verf\u00fcgung.<\/span><\/p><p style=\"text-align: left;\"><span style=\"color: black;\">Anfangs wurden Lebensmittel in diesen B\u00fcror\u00e4umen zwischengelagert, und die Verteilung erfolgte m\u00fchsam \u00fcber provisorische Wege. Die Frankfurter Tafel begann, Lebensmittel zu sammeln und an soziale Einrichtungen weiterzugeben, obwohl die Mittel knapp waren und das Bankkonto in den roten Zahlen stand. Bereits im ersten Jahr wurden gro\u00dfe Mengen Fertigsuppen und Lebensmittelspenden organisiert\u200b<span class=\"apple-converted-space\">.<\/span><\/span><\/p><p style=\"text-align: left;\"><span style=\"color: black;\">Im Laufe der Jahre wuchs die Frankfurter Tafel erheblich, sowohl in Bezug auf die Menge der verteilten Lebensmittel als auch die Anzahl der unterst\u00fctzten Menschen und die logistischen Kapazit\u00e4ten.<\/span><\/p><p style=\"text-align: left;\"><span style=\"color: black;\">Doch Hella Schmieder zeigte eine bemerkenswerte Ausdauer und Energie. Sie leitete den Verein in den ersten Jahren und setzte sich trotz der Herausforderungen unerm\u00fcdlich daf\u00fcr ein, dass die Tafelarbeit in Frankfurt Fu\u00df fasste. Unter ihrer F\u00fchrung entwickelte sich die Frankfurter Tafel von einer kleinen Initiative zu einer wichtigen sozialen Einrichtung. Auch als sie sich aus gesundheitlichen Gr\u00fcnden zur\u00fcckziehen musste, blieb sie dem Verein verbunden und wurde Ehrenvorsitzende. <\/span><\/p><p style=\"text-align: left;\"><span style=\"color: black;\">Dieter Freitag spielte eine entscheidende Rolle bei der Weiterentwicklung der Frankfurter Tafel. 1997 stie\u00df er im Rahmen einer Arbeitsbeschaffungsma\u00dfnahme zur Tafel und erwies sich schnell als Gl\u00fccksfall f\u00fcr die Organisation. Er war bekannt f\u00fcr seine enorme Einsatzbereitschaft und sein Engagement, oft weit \u00fcber die regul\u00e4re Arbeitszeit hinaus. Die Sieben-Tage-Woche war f\u00fcr ihn selbstverst\u00e4ndlich, und er arbeitete oft in einer 70-Stunden-Woche.<\/span><\/p><p style=\"text-align: left;\"><span style=\"color: black;\">Als Frau Schmieder 2001 aus gesundheitlichen Gr\u00fcnden zur\u00fccktreten musste, \u00fcbernahm Dieter Freitag kommissarisch die Leitung der Frankfurter Tafel. Er f\u00fchrte die t\u00e4gliche Organisation und war ma\u00dfgeblich an der Weiterentwicklung der Strukturen beteiligt. Unter seiner Leitung wuchs die Frankfurter Tafel weiter, und er trug entscheidend dazu bei, dass die Organisation ihren hohen sozialen Stellenwert in Frankfurt erreichte\u200b. <\/span><\/p>\t\t\t\t\t\t\t\t<\/div>\n\t\t\t\t<\/div>\n\t\t\t\t\t<\/div>\n\t\t<\/div>\n\t\t\t\t\t<\/div>\n\t\t<\/section>\n\t\t\t\t<\/div>","protected":false},"excerpt":{"rendered":"<p>Frau Schmieder und Herr Freitag Hella Schmieder Dieter Freitag Die Frankfurter Tafel e.V. wurde 1995 von Hella Schmieder im Alter von 75 Jahren gegr\u00fcndet. Sie wollte etwas gegen die Verschwendung von Lebensmitteln und die Not bed\u00fcrftiger Menschen in Frankfurt unternehmen. Zu Beginn hatte die Frankfurter Tafel weder ein Fahrzeug noch gro\u00dfe Ressourcen, aber Hella Schmieder [&hellip;]<\/p>\n","protected":false},"author":1,"featured_media":0,"parent":6,"menu_order":3,"comment_status":"closed","ping_status":"closed","template":"elementor_header_footer","meta":{"inline_featured_image":false,"ocean_post_layout":"","ocean_both_sidebars_style":"","ocean_both_sidebars_content_width":0,"ocean_both_sidebars_sidebars_width":0,"ocean_sidebar":"","ocean_second_sidebar":"","ocean_disable_margins":"enable","ocean_add_body_class":"","ocean_shortcode_before_top_bar":"","ocean_shortcode_after_top_bar":"","ocean_shortcode_before_header":"","ocean_shortcode_after_header":"","ocean_has_shortcode":"","ocean_shortcode_after_title":"","ocean_shortcode_before_footer_widgets":"","ocean_shortcode_after_footer_widgets":"","ocean_shortcode_before_footer_bottom":"","ocean_shortcode_after_footer_bottom":"","ocean_display_top_bar":"default","ocean_display_header":"default","ocean_header_style":"","ocean_center_header_left_menu":"","ocean_custom_header_template":"","ocean_custom_logo":0,"ocean_custom_retina_logo":0,"ocean_custom_logo_max_width":0,"ocean_custom_logo_tablet_max_width":0,"ocean_custom_logo_mobile_max_width":0,"ocean_custom_logo_max_height":0,"ocean_custom_logo_tablet_max_height":0,"ocean_custom_logo_mobile_max_height":0,"ocean_header_custom_menu":"","ocean_menu_typo_font_family":"","ocean_menu_typo_font_subset":"","ocean_menu_typo_font_size":0,"ocean_menu_typo_font_size_tablet":0,"ocean_menu_typo_font_size_mobile":0,"ocean_menu_typo_font_size_unit":"px","ocean_menu_typo_font_weight":"","ocean_menu_typo_font_weight_tablet":"","ocean_menu_typo_font_weight_mobile":"","ocean_menu_typo_transform":"","ocean_menu_typo_transform_tablet":"","ocean_menu_typo_transform_mobile":"","ocean_menu_typo_line_height":0,"ocean_menu_typo_line_height_tablet":0,"ocean_menu_typo_line_height_mobile":0,"ocean_menu_typo_line_height_unit":"","ocean_menu_typo_spacing":0,"ocean_menu_typo_spacing_tablet":0,"ocean_menu_typo_spacing_mobile":0,"ocean_menu_typo_spacing_unit":"","ocean_menu_link_color":"","ocean_menu_link_color_hover":"","ocean_menu_link_color_active":"","ocean_menu_link_background":"","ocean_menu_link_hover_background":"","ocean_menu_link_active_background":"","ocean_menu_social_links_bg":"","ocean_menu_social_hover_links_bg":"","ocean_menu_social_links_color":"","ocean_menu_social_hover_links_color":"","ocean_disable_title":"default","ocean_disable_heading":"default","ocean_post_title":"","ocean_post_subheading":"","ocean_post_title_style":"","ocean_post_title_background_color":"","ocean_post_title_background":0,"ocean_post_title_bg_image_position":"","ocean_post_title_bg_image_attachment":"","ocean_post_title_bg_image_repeat":"","ocean_post_title_bg_image_size":"","ocean_post_title_height":0,"ocean_post_title_bg_overlay":0.5,"ocean_post_title_bg_overlay_color":"","ocean_disable_breadcrumbs":"default","ocean_breadcrumbs_color":"","ocean_breadcrumbs_separator_color":"","ocean_breadcrumbs_links_color":"","ocean_breadcrumbs_links_hover_color":"","ocean_display_footer_widgets":"default","ocean_display_footer_bottom":"default","ocean_custom_footer_template":"","footnotes":""},"class_list":["post-2778","page","type-page","status-publish","hentry","entry"],"_links":{"self":[{"href":"https:\/\/frankfurter-tafel.org\/en\/wp-json\/wp\/v2\/pages\/2778","targetHints":{"allow":["GET"]}}],"collection":[{"href":"https:\/\/frankfurter-tafel.org\/en\/wp-json\/wp\/v2\/pages"}],"about":[{"href":"https:\/\/frankfurter-tafel.org\/en\/wp-json\/wp\/v2\/types\/page"}],"author":[{"embeddable":true,"href":"https:\/\/frankfurter-tafel.org\/en\/wp-json\/wp\/v2\/users\/1"}],"replies":[{"embeddable":true,"href":"https:\/\/frankfurter-tafel.org\/en\/wp-json\/wp\/v2\/comments?post=2778"}],"version-history":[{"count":47,"href":"https:\/\/frankfurter-tafel.org\/en\/wp-json\/wp\/v2\/pages\/2778\/revisions"}],"predecessor-version":[{"id":3253,"href":"https:\/\/frankfurter-tafel.org\/en\/wp-json\/wp\/v2\/pages\/2778\/revisions\/3253"}],"up":[{"embeddable":true,"href":"https:\/\/frankfurter-tafel.org\/en\/wp-json\/wp\/v2\/pages\/6"}],"wp:attachment":[{"href":"https:\/\/frankfurter-tafel.org\/en\/wp-json\/wp\/v2\/media?parent=2778"}],"curies":[{"name":"wp","href":"https:\/\/api.w.org\/{rel}","templated":true}]}}

Gründung

<div data-elementor-type="wp-page" data-elementor-id="2778" class="elementor elementor-2778">
						<section class="elementor-section elementor-top-section elementor-element elementor-element-224b9fc elementor-section-height-min-height elementor-section-stretched elementor-section-boxed elementor-section-height-default elementor-section-items-middle" data-id="224b9fc" data-element_type="section" data-e-type="section" data-settings="{&quot;background_background&quot;:&quot;classic&quot;,&quot;stretch_section&quot;:&quot;section-stretched&quot;}">
						<div class="elementor-container elementor-column-gap-default">
					<div class="elementor-column elementor-col-100 elementor-top-column elementor-element elementor-element-ab4e8a2" data-id="ab4e8a2" data-element_type="column" data-e-type="column">
			<div class="elementor-widget-wrap">
							</div>
		</div>
					</div>
		</section>
				<section class="elementor-section elementor-top-section elementor-element elementor-element-ef12c4c elementor-section-boxed elementor-section-height-default elementor-section-height-default" data-id="ef12c4c" data-element_type="section" data-e-type="section">
						<div class="elementor-container elementor-column-gap-default">
					<div class="elementor-column elementor-col-100 elementor-top-column elementor-element elementor-element-e610401" data-id="e610401" data-element_type="column" data-e-type="column">
			<div class="elementor-widget-wrap">
							</div>
		</div>
					</div>
		</section>
				<section class="elementor-section elementor-top-section elementor-element elementor-element-4291615 elementor-section-boxed elementor-section-height-default elementor-section-height-default" data-id="4291615" data-element_type="section" data-e-type="section">
						<div class="elementor-container elementor-column-gap-default">
					<div class="elementor-column elementor-col-100 elementor-top-column elementor-element elementor-element-c9aeade" data-id="c9aeade" data-element_type="column" data-e-type="column">
			<div class="elementor-widget-wrap elementor-element-populated">
						<div class="elementor-element elementor-element-30b328b elementor-widget elementor-widget-heading" data-id="30b328b" data-element_type="widget" data-e-type="widget" data-widget_type="heading.default">
				<div class="elementor-widget-container">
					<h1 class="elementor-heading-title elementor-size-default">Frau Schmieder und Herr Freitag</h1>				</div>
				</div>
					</div>
		</div>
					</div>
		</section>
				<section class="elementor-section elementor-top-section elementor-element elementor-element-257c3e8 elementor-section-content-middle elementor-section-boxed elementor-section-height-default elementor-section-height-default" data-id="257c3e8" data-element_type="section" data-e-type="section">
						<div class="elementor-container elementor-column-gap-default">
					<div class="elementor-column elementor-col-100 elementor-top-column elementor-element elementor-element-4071a9b" data-id="4071a9b" data-element_type="column" data-e-type="column">
			<div class="elementor-widget-wrap elementor-element-populated">
						<div class="elementor-element elementor-element-db66bf4 elementor-widget__width-auto elementor-widget elementor-widget-image" data-id="db66bf4" data-element_type="widget" data-e-type="widget" data-widget_type="image.default">
				<div class="elementor-widget-container">
												<figure class="wp-caption">
										<img fetchpriority="high" decoding="async" width="188" height="300" src="https://frankfurter-tafel.org/wp-content/uploads/2024/09/Hella-Schmieder-188x300.jpg" class="attachment-medium size-medium wp-image-3021" alt="" srcset="https://frankfurter-tafel.org/wp-content/uploads/2024/09/Hella-Schmieder-188x300.jpg 188w, https://frankfurter-tafel.org/wp-content/uploads/2024/09/Hella-Schmieder-8x12.jpg 8w, https://frankfurter-tafel.org/wp-content/uploads/2024/09/Hella-Schmieder.jpg 272w" sizes="(max-width: 188px) 100vw, 188px" />											<figcaption class="widget-image-caption wp-caption-text">Hella Schmieder</figcaption>
										</figure>
									</div>
				</div>
				<div class="elementor-element elementor-element-105521f elementor-widget__width-auto elementor-widget elementor-widget-image" data-id="105521f" data-element_type="widget" data-e-type="widget" data-widget_type="image.default">
				<div class="elementor-widget-container">
												<figure class="wp-caption">
										<img decoding="async" width="188" height="300" src="https://frankfurter-tafel.org/wp-content/uploads/2024/09/Dieter-Freitag-188x300.jpg" class="attachment-medium size-medium wp-image-2887" alt="" srcset="https://frankfurter-tafel.org/wp-content/uploads/2024/09/Dieter-Freitag-188x300.jpg 188w, https://frankfurter-tafel.org/wp-content/uploads/2024/09/Dieter-Freitag-8x12.jpg 8w, https://frankfurter-tafel.org/wp-content/uploads/2024/09/Dieter-Freitag.jpg 272w" sizes="(max-width: 188px) 100vw, 188px" />											<figcaption class="widget-image-caption wp-caption-text">Dieter Freitag</figcaption>
										</figure>
									</div>
				</div>
					</div>
		</div>
					</div>
		</section>
				<section class="elementor-section elementor-top-section elementor-element elementor-element-de69f64 elementor-section-boxed elementor-section-height-default elementor-section-height-default" data-id="de69f64" data-element_type="section" data-e-type="section">
						<div class="elementor-container elementor-column-gap-default">
					<div class="elementor-column elementor-col-100 elementor-top-column elementor-element elementor-element-210c63a" data-id="210c63a" data-element_type="column" data-e-type="column">
			<div class="elementor-widget-wrap elementor-element-populated">
						<div class="elementor-element elementor-element-92c2060 elementor-widget elementor-widget-text-editor" data-id="92c2060" data-element_type="widget" data-e-type="widget" data-widget_type="text-editor.default">
				<div class="elementor-widget-container">
									<p style="text-align: left;"><span style="color: black;">Die Frankfurter Tafel e.V. wurde 1995 von Hella Schmieder im Alter von 75 Jahren gegründet. Sie wollte etwas gegen die Verschwendung von Lebensmitteln und die Not bedürftiger Menschen in Frankfurt unternehmen. Zu Beginn hatte die Frankfurter Tafel weder ein Fahrzeug noch große Ressourcen, aber Hella Schmieder konnte Unterstützung von verschiedenen Seiten gewinnen. Beispielsweise stellte der Filmregisseur Artur Brauner ein kostenfreies Büro zur Verfügung.</span></p><p style="text-align: left;"><span style="color: black;">Anfangs wurden Lebensmittel in diesen Büroräumen zwischengelagert, und die Verteilung erfolgte mühsam über provisorische Wege. Die Frankfurter Tafel begann, Lebensmittel zu sammeln und an soziale Einrichtungen weiterzugeben, obwohl die Mittel knapp waren und das Bankkonto in den roten Zahlen stand. Bereits im ersten Jahr wurden große Mengen Fertigsuppen und Lebensmittelspenden organisiert​<span class="apple-converted-space">.</span></span></p><p style="text-align: left;"><span style="color: black;">Im Laufe der Jahre wuchs die Frankfurter Tafel erheblich, sowohl in Bezug auf die Menge der verteilten Lebensmittel als auch die Anzahl der unterstützten Menschen und die logistischen Kapazitäten.</span></p><p style="text-align: left;"><span style="color: black;">Doch Hella Schmieder zeigte eine bemerkenswerte Ausdauer und Energie. Sie leitete den Verein in den ersten Jahren und setzte sich trotz der Herausforderungen unermüdlich dafür ein, dass die Tafelarbeit in Frankfurt Fuß fasste. Unter ihrer Führung entwickelte sich die Frankfurter Tafel von einer kleinen Initiative zu einer wichtigen sozialen Einrichtung. Auch als sie sich aus gesundheitlichen Gründen zurückziehen musste, blieb sie dem Verein verbunden und wurde Ehrenvorsitzende. </span></p><p style="text-align: left;"><span style="color: black;">Dieter Freitag spielte eine entscheidende Rolle bei der Weiterentwicklung der Frankfurter Tafel. 1997 stieß er im Rahmen einer Arbeitsbeschaffungsmaßnahme zur Tafel und erwies sich schnell als Glücksfall für die Organisation. Er war bekannt für seine enorme Einsatzbereitschaft und sein Engagement, oft weit über die reguläre Arbeitszeit hinaus. Die Sieben-Tage-Woche war für ihn selbstverständlich, und er arbeitete oft in einer 70-Stunden-Woche.</span></p><p style="text-align: left;"><span style="color: black;">Als Frau Schmieder 2001 aus gesundheitlichen Gründen zurücktreten musste, übernahm Dieter Freitag kommissarisch die Leitung der Frankfurter Tafel. Er führte die tägliche Organisation und war maßgeblich an der Weiterentwicklung der Strukturen beteiligt. Unter seiner Leitung wuchs die Frankfurter Tafel weiter, und er trug entscheidend dazu bei, dass die Organisation ihren hohen sozialen Stellenwert in Frankfurt erreichte​. </span></p>								</div>
				</div>
					</div>
		</div>
					</div>
		</section>
				</div>

<p>Frau Schmieder und Herr Freitag Hella Schmieder Dieter Freitag Die Frankfurter Tafel e.V. wurde 1995 von Hella Schmieder im Alter von 75 Jahren gegründet. Sie wollte etwas gegen die Verschwendung von Lebensmitteln und die Not bedürftiger Menschen in Frankfurt unternehmen. Zu Beginn hatte die Frankfurter Tafel weder ein Fahrzeug noch große Ressourcen, aber Hella Schmieder [&hellip;]</p>
