{"id":2817,"date":"2024-08-28T12:02:38","date_gmt":"2024-08-28T10:02:38","guid":{"rendered":"https:\/\/tafel-fr-231208.studio-lib.de\/?page_id=2817"},"modified":"2025-04-12T16:20:34","modified_gmt":"2025-04-12T14:20:34","slug":"joint-social-days","status":"publish","type":"page","link":"https:\/\/frankfurter-tafel.org\/en\/projekte\/joint-social-days\/","title":{"rendered":"Joint Social Days"},"content":{"rendered":"<div data-elementor-type=\"wp-page\" data-elementor-id=\"2817\" class=\"elementor elementor-2817\">\n\t\t\t\t\t\t<section class=\"elementor-section elementor-top-section elementor-element elementor-element-9283f79 elementor-section-height-min-height elementor-section-stretched elementor-section-boxed elementor-section-height-default elementor-section-items-middle\" data-id=\"9283f79\" data-element_type=\"section\" data-e-type=\"section\" data-settings=\"{&quot;background_background&quot;:&quot;classic&quot;,&quot;stretch_section&quot;:&quot;section-stretched&quot;}\">\n\t\t\t\t\t\t<div class=\"elementor-container elementor-column-gap-default\">\n\t\t\t\t\t<div class=\"elementor-column elementor-col-100 elementor-top-column elementor-element elementor-element-92925ee\" data-id=\"92925ee\" data-element_type=\"column\" data-e-type=\"column\">\n\t\t\t<div class=\"elementor-widget-wrap\">\n\t\t\t\t\t\t\t<\/div>\n\t\t<\/div>\n\t\t\t\t\t<\/div>\n\t\t<\/section>\n\t\t\t\t<section class=\"elementor-section elementor-top-section elementor-element elementor-element-7f6d0dfc elementor-section-boxed elementor-section-height-default elementor-section-height-default\" data-id=\"7f6d0dfc\" data-element_type=\"section\" data-e-type=\"section\">\n\t\t\t\t\t\t<div class=\"elementor-container elementor-column-gap-default\">\n\t\t\t\t\t<div class=\"elementor-column elementor-col-100 elementor-top-column elementor-element elementor-element-2bfd4872\" data-id=\"2bfd4872\" data-element_type=\"column\" data-e-type=\"column\">\n\t\t\t<div class=\"elementor-widget-wrap elementor-element-populated\">\n\t\t\t\t\t\t<div class=\"elementor-element elementor-element-24164263 elementor-widget elementor-widget-heading\" data-id=\"24164263\" data-element_type=\"widget\" data-e-type=\"widget\" data-widget_type=\"heading.default\">\n\t\t\t\t<div class=\"elementor-widget-container\">\n\t\t\t\t\t<h1 class=\"elementor-heading-title elementor-size-default\">\u201eals Team bei der Tafel anpacken\u201c Joint Social Days <\/h1>\t\t\t\t<\/div>\n\t\t\t\t<\/div>\n\t\t\t\t<div class=\"elementor-element elementor-element-5678c41e elementor-widget elementor-widget-text-editor\" data-id=\"5678c41e\" data-element_type=\"widget\" data-e-type=\"widget\" data-widget_type=\"text-editor.default\">\n\t\t\t\t<div class=\"elementor-widget-container\">\n\t\t\t\t\t\t\t\t\t<h1><b><u>Bitte beachten Sie:<\/u><\/b><\/h1>\n<h1><b>Aktuell k\u00f6nnen wir zu unserem gro\u00dfen Bedauern <u>KEINE<\/u> weiteren Termine f\u00fcr die Social Days vereinbaren. Dies gilt aktuell bis Ende 2026. Wir freuen uns nat\u00fcrlich \u00fcber die gro\u00dfe Nachfrage und das anhaltende Interesse, sind aber bis auf Weiteres diesbez\u00fcglich ausgebucht.<\/b><\/h1><p>&#8212;&#8212;&#8212;&#8212;&#8212;&#8212;&#8212;&#8212;&#8212;&#8212;&#8212;&#8212;&#8212;&#8212;&#8212;&#8212;&#8212;&#8212;&#8212;&#8212;&#8212;&#8212;&#8212;&#8212;&#8212;&#8212;&#8212;&#8212;&#8212;&#8212;&#8212;&#8212;&#8212;-<\/p>\n<p>Die&nbsp;<strong>Team Social Days<\/strong>&nbsp;an der Frankfurter Tafel sind spezielle Veranstaltungstage, die darauf abzielen, Teams aus Unternehmen, Organisationen und Gruppen eine Gelegenheit zu bieten, sich sozial zu engagieren und dabei gleichzeitig Teamgeist und Zusammenhalt zu st\u00e4rken. Hier ist eine detaillierte Beschreibung dieses Programms:<\/p>\n<p>Die Team Social Days erm\u00f6glichen es Teams, einen Tag bei der Frankfurter Tafel zu verbringen und direkt vor Ort bei der Verteilung und Organisation von Lebensmitteln zu helfen. Ziel ist es, den sozialen Zusammenhalt innerhalb des Teams zu f\u00f6rdern und gleichzeitig einen Beitrag zur Unterst\u00fctzung benachteiligter Menschen in der Region zu leisten.<\/p>\n<p><strong>Aktivit\u00e4ten<\/strong>: Teilnehmerinnen und Teilnehmer des Team Social Days unterst\u00fctzen verschiedene Aufgaben bei der Frankfurter Tafel. Dazu geh\u00f6ren:<\/p>\n<ol>\n<li style=\"list-style-type: none;\">\n<ul>\n<li><strong>Verpacken von Lebensmitteln<\/strong>: Teams helfen beim Zusammenstellen und Verpacken von Lebensmittelkisten, die in den Ausgabestellen an bed\u00fcrftige Familien verteilt werden.<\/li>\n<li><strong>Logistische Aufgaben<\/strong>: Unterst\u00fctzung bei der Annahme, Sortierung und Lagerung von gespendeten Lebensmitteln.<\/li>\n<\/ul>\n<\/li>\n<\/ol>\n<p><strong>Team-Building<\/strong>: Die Team Social Days bieten eine Gelegenheit f\u00fcr Mitarbeiterinnen und Mitarbeiter, au\u00dferhalb des gewohnten Arbeitsumfelds zusammenzuarbeiten. Die gemeinschaftliche Arbeit bei der Frankfurter Tafel f\u00f6rdert den Teamgeist, st\u00e4rkt die Zusammenarbeit und bietet eine wertvolle Erfahrung, die das Zusammengeh\u00f6rigkeitsgef\u00fchl im Team st\u00e4rkt.<\/p>\n<p><strong>Wertvolle Erfahrungen<\/strong>: Durch die direkte Mitarbeit bei der Frankfurter Tafel erleben die Teilnehmerinnen und Teilnehmer die Bedeutung sozialer Verantwortung und den direkten Einfluss ihrer Arbeit auf das Leben benachteiligter Menschen. Diese Erfahrung kann die Perspektive der Teammitglieder erweitern und ein st\u00e4rkeres Bewusstsein f\u00fcr soziale Themen schaffen.<\/p>\n<p>Die Team Social Days bieten auch die M\u00f6glichkeit, sich mit den Mitarbeitenden der Frankfurter Tafel auszutauschen und mehr \u00fcber deren Arbeit und die Herausforderungen der sozialen Unterst\u00fctzung zu erfahren. Dies f\u00f6rdert ein tieferes Verst\u00e4ndnis und eine st\u00e4rkere Verbindung zur Mission der Tafel.<\/p>\n<ol>\n<li><strong>Organisation und Koordination<\/strong>: Die Frankfurter Tafel koordiniert die Team Social Days, stellt sicher, dass die Aufgaben den Bed\u00fcrfnissen der Tafel entsprechen, und organisiert den Ablauf des Tages. Unternehmen und Gruppen k\u00f6nnen im Vorfeld Termine vereinbaren und spezielle W\u00fcnsche oder Anforderungen kommunizieren.<\/li>\n<\/ol>\n<p>Insgesamt sind die Team Social Days an der Frankfurter Tafel eine wertvolle Gelegenheit f\u00fcr Teams, sich sozial zu engagieren, zusammenzuarbeiten und einen positiven Beitrag zur Gemeinschaft zu leisten. Sie bieten eine bereichernde Erfahrung sowohl f\u00fcr die Helfer als auch f\u00fcr die Menschen, die von den Unterst\u00fctzungsma\u00dfnahmen profitieren.<\/p>\t\t\t\t\t\t\t\t<\/div>\n\t\t\t\t<\/div>\n\t\t\t\t<div class=\"elementor-element elementor-element-211efe5 elementor-widget elementor-widget-image\" data-id=\"211efe5\" data-element_type=\"widget\" data-e-type=\"widget\" data-widget_type=\"image.default\">\n\t\t\t\t<div class=\"elementor-widget-container\">\n\t\t\t\t\t\t\t\t\t\t\t\t\t\t\t<img fetchpriority=\"high\" decoding=\"async\" width=\"932\" height=\"1024\" src=\"https:\/\/frankfurter-tafel.org\/wp-content\/uploads\/2024\/09\/Social-day-2-932x1024.jpg\" class=\"attachment-large size-large wp-image-2914\" alt=\"\" srcset=\"https:\/\/frankfurter-tafel.org\/wp-content\/uploads\/2024\/09\/Social-day-2-932x1024.jpg 932w, https:\/\/frankfurter-tafel.org\/wp-content\/uploads\/2024\/09\/Social-day-2-273x300.jpg 273w, https:\/\/frankfurter-tafel.org\/wp-content\/uploads\/2024\/09\/Social-day-2-768x844.jpg 768w, https:\/\/frankfurter-tafel.org\/wp-content\/uploads\/2024\/09\/Social-day-2-11x12.jpg 11w, https:\/\/frankfurter-tafel.org\/wp-content\/uploads\/2024\/09\/Social-day-2.jpg 1152w\" sizes=\"(max-width: 932px) 100vw, 932px\" \/>\t\t\t\t\t\t\t\t\t\t\t\t\t\t\t<\/div>\n\t\t\t\t<\/div>\n\t\t\t\t\t<\/div>\n\t\t<\/div>\n\t\t\t\t\t<\/div>\n\t\t<\/section>\n\t\t\t\t<section class=\"elementor-section elementor-top-section elementor-element elementor-element-87db9ba elementor-section-boxed elementor-section-height-default elementor-section-height-default\" data-id=\"87db9ba\" data-element_type=\"section\" data-e-type=\"section\">\n\t\t\t\t\t\t<div class=\"elementor-container elementor-column-gap-default\">\n\t\t\t\t\t<div class=\"elementor-column elementor-col-100 elementor-top-column elementor-element elementor-element-b0dcbe5\" data-id=\"b0dcbe5\" data-element_type=\"column\" data-e-type=\"column\">\n\t\t\t<div class=\"elementor-widget-wrap\">\n\t\t\t\t\t\t\t<\/div>\n\t\t<\/div>\n\t\t\t\t\t<\/div>\n\t\t<\/section>\n\t\t\t\t<\/div>","protected":false},"excerpt":{"rendered":"<p>\u201eals Team bei der Tafel anpacken\u201c Joint Social Days Bitte beachten Sie: Aktuell k\u00f6nnen wir zu unserem gro\u00dfen Bedauern KEINE weiteren Termine f\u00fcr die Social Days vereinbaren. Dies gilt aktuell bis Ende 2026. Wir freuen uns nat\u00fcrlich \u00fcber die gro\u00dfe Nachfrage und das anhaltende Interesse, sind aber bis auf Weiteres diesbez\u00fcglich ausgebucht. &#8212;&#8212;&#8212;&#8212;&#8212;&#8212;&#8212;&#8212;&#8212;&#8212;&#8212;&#8212;&#8212;&#8212;&#8212;&#8212;&#8212;&#8212;&#8212;&#8212;&#8212;&#8212;&#8212;&#8212;&#8212;&#8212;&#8212;&#8212;&#8212;&#8212;&#8212;&#8212;&#8212;- Die&nbsp;Team Social [&hellip;]<\/p>\n","protected":false},"author":1,"featured_media":0,"parent":2588,"menu_order":4,"comment_status":"closed","ping_status":"closed","template":"elementor_header_footer","meta":{"inline_featured_image":false,"ocean_post_layout":"full-width","ocean_both_sidebars_style":"","ocean_both_sidebars_content_width":0,"ocean_both_sidebars_sidebars_width":0,"ocean_sidebar":"footer-one","ocean_second_sidebar":"","ocean_disable_margins":"on","ocean_add_body_class":"","ocean_shortcode_before_top_bar":"","ocean_shortcode_after_top_bar":"","ocean_shortcode_before_header":"","ocean_shortcode_after_header":"","ocean_has_shortcode":"","ocean_shortcode_after_title":"","ocean_shortcode_before_footer_widgets":"","ocean_shortcode_after_footer_widgets":"","ocean_shortcode_before_footer_bottom":"","ocean_shortcode_after_footer_bottom":"","ocean_display_top_bar":"default","ocean_display_header":"default","ocean_header_style":"","ocean_center_header_left_menu":"","ocean_custom_header_template":"","ocean_custom_logo":0,"ocean_custom_retina_logo":0,"ocean_custom_logo_max_width":0,"ocean_custom_logo_tablet_max_width":0,"ocean_custom_logo_mobile_max_width":0,"ocean_custom_logo_max_height":0,"ocean_custom_logo_tablet_max_height":0,"ocean_custom_logo_mobile_max_height":0,"ocean_header_custom_menu":"","ocean_menu_typo_font_family":"","ocean_menu_typo_font_subset":"","ocean_menu_typo_font_size":0,"ocean_menu_typo_font_size_tablet":0,"ocean_menu_typo_font_size_mobile":0,"ocean_menu_typo_font_size_unit":"px","ocean_menu_typo_font_weight":"","ocean_menu_typo_font_weight_tablet":"","ocean_menu_typo_font_weight_mobile":"","ocean_menu_typo_transform":"","ocean_menu_typo_transform_tablet":"","ocean_menu_typo_transform_mobile":"","ocean_menu_typo_line_height":0,"ocean_menu_typo_line_height_tablet":0,"ocean_menu_typo_line_height_mobile":0,"ocean_menu_typo_line_height_unit":"","ocean_menu_typo_spacing":0,"ocean_menu_typo_spacing_tablet":0,"ocean_menu_typo_spacing_mobile":0,"ocean_menu_typo_spacing_unit":"","ocean_menu_link_color":"","ocean_menu_link_color_hover":"","ocean_menu_link_color_active":"","ocean_menu_link_background":"","ocean_menu_link_hover_background":"","ocean_menu_link_active_background":"","ocean_menu_social_links_bg":"","ocean_menu_social_hover_links_bg":"","ocean_menu_social_links_color":"","ocean_menu_social_hover_links_color":"","ocean_disable_title":"default","ocean_disable_heading":"default","ocean_post_title":"","ocean_post_subheading":"","ocean_post_title_style":"","ocean_post_title_background_color":"","ocean_post_title_background":0,"ocean_post_title_bg_image_position":"","ocean_post_title_bg_image_attachment":"","ocean_post_title_bg_image_repeat":"","ocean_post_title_bg_image_size":"","ocean_post_title_height":0,"ocean_post_title_bg_overlay":0.5,"ocean_post_title_bg_overlay_color":"","ocean_disable_breadcrumbs":"default","ocean_breadcrumbs_color":"","ocean_breadcrumbs_separator_color":"","ocean_breadcrumbs_links_color":"","ocean_breadcrumbs_links_hover_color":"","ocean_display_footer_widgets":"default","ocean_display_footer_bottom":"default","ocean_custom_footer_template":"","footnotes":""},"class_list":["post-2817","page","type-page","status-publish","hentry","entry"],"_links":{"self":[{"href":"https:\/\/frankfurter-tafel.org\/en\/wp-json\/wp\/v2\/pages\/2817","targetHints":{"allow":["GET"]}}],"collection":[{"href":"https:\/\/frankfurter-tafel.org\/en\/wp-json\/wp\/v2\/pages"}],"about":[{"href":"https:\/\/frankfurter-tafel.org\/en\/wp-json\/wp\/v2\/types\/page"}],"author":[{"embeddable":true,"href":"https:\/\/frankfurter-tafel.org\/en\/wp-json\/wp\/v2\/users\/1"}],"replies":[{"embeddable":true,"href":"https:\/\/frankfurter-tafel.org\/en\/wp-json\/wp\/v2\/comments?post=2817"}],"version-history":[{"count":31,"href":"https:\/\/frankfurter-tafel.org\/en\/wp-json\/wp\/v2\/pages\/2817\/revisions"}],"predecessor-version":[{"id":3575,"href":"https:\/\/frankfurter-tafel.org\/en\/wp-json\/wp\/v2\/pages\/2817\/revisions\/3575"}],"up":[{"embeddable":true,"href":"https:\/\/frankfurter-tafel.org\/en\/wp-json\/wp\/v2\/pages\/2588"}],"wp:attachment":[{"href":"https:\/\/frankfurter-tafel.org\/en\/wp-json\/wp\/v2\/media?parent=2817"}],"curies":[{"name":"wp","href":"https:\/\/api.w.org\/{rel}","templated":true}]}}

<div data-elementor-type="wp-page" data-elementor-id="2817" class="elementor elementor-2817">
						<section class="elementor-section elementor-top-section elementor-element elementor-element-9283f79 elementor-section-height-min-height elementor-section-stretched elementor-section-boxed elementor-section-height-default elementor-section-items-middle" data-id="9283f79" data-element_type="section" data-e-type="section" data-settings="{&quot;background_background&quot;:&quot;classic&quot;,&quot;stretch_section&quot;:&quot;section-stretched&quot;}">
						<div class="elementor-container elementor-column-gap-default">
					<div class="elementor-column elementor-col-100 elementor-top-column elementor-element elementor-element-92925ee" data-id="92925ee" data-element_type="column" data-e-type="column">
			<div class="elementor-widget-wrap">
							</div>
		</div>
					</div>
		</section>
				<section class="elementor-section elementor-top-section elementor-element elementor-element-7f6d0dfc elementor-section-boxed elementor-section-height-default elementor-section-height-default" data-id="7f6d0dfc" data-element_type="section" data-e-type="section">
						<div class="elementor-container elementor-column-gap-default">
					<div class="elementor-column elementor-col-100 elementor-top-column elementor-element elementor-element-2bfd4872" data-id="2bfd4872" data-element_type="column" data-e-type="column">
			<div class="elementor-widget-wrap elementor-element-populated">
						<div class="elementor-element elementor-element-24164263 elementor-widget elementor-widget-heading" data-id="24164263" data-element_type="widget" data-e-type="widget" data-widget_type="heading.default">
				<div class="elementor-widget-container">
					<h1 class="elementor-heading-title elementor-size-default">„als Team bei der Tafel anpacken“ Joint Social Days </h1>				</div>
				</div>
				<div class="elementor-element elementor-element-5678c41e elementor-widget elementor-widget-text-editor" data-id="5678c41e" data-element_type="widget" data-e-type="widget" data-widget_type="text-editor.default">
				<div class="elementor-widget-container">
									<h1><b><u>Bitte beachten Sie:</u></b></h1>
<h1><b>Aktuell können wir zu unserem großen Bedauern <u>KEINE</u> weiteren Termine für die Social Days vereinbaren. Dies gilt aktuell bis Ende 2026. Wir freuen uns natürlich über die große Nachfrage und das anhaltende Interesse, sind aber bis auf Weiteres diesbezüglich ausgebucht.</b></h1><p>&#8212;&#8212;&#8212;&#8212;&#8212;&#8212;&#8212;&#8212;&#8212;&#8212;&#8212;&#8212;&#8212;&#8212;&#8212;&#8212;&#8212;&#8212;&#8212;&#8212;&#8212;&#8212;&#8212;&#8212;&#8212;&#8212;&#8212;&#8212;&#8212;&#8212;&#8212;&#8212;&#8212;-</p>
<p>Die&nbsp;<strong>Team Social Days</strong>&nbsp;an der Frankfurter Tafel sind spezielle Veranstaltungstage, die darauf abzielen, Teams aus Unternehmen, Organisationen und Gruppen eine Gelegenheit zu bieten, sich sozial zu engagieren und dabei gleichzeitig Teamgeist und Zusammenhalt zu stärken. Hier ist eine detaillierte Beschreibung dieses Programms:</p>
<p>Die Team Social Days ermöglichen es Teams, einen Tag bei der Frankfurter Tafel zu verbringen und direkt vor Ort bei der Verteilung und Organisation von Lebensmitteln zu helfen. Ziel ist es, den sozialen Zusammenhalt innerhalb des Teams zu fördern und gleichzeitig einen Beitrag zur Unterstützung benachteiligter Menschen in der Region zu leisten.</p>
<p><strong>Aktivitäten</strong>: Teilnehmerinnen und Teilnehmer des Team Social Days unterstützen verschiedene Aufgaben bei der Frankfurter Tafel. Dazu gehören:</p>
<ol>
<li style="list-style-type: none;">
<ul>
<li><strong>Verpacken von Lebensmitteln</strong>: Teams helfen beim Zusammenstellen und Verpacken von Lebensmittelkisten, die in den Ausgabestellen an bedürftige Familien verteilt werden.</li>
<li><strong>Logistische Aufgaben</strong>: Unterstützung bei der Annahme, Sortierung und Lagerung von gespendeten Lebensmitteln.</li>
</ul>
</li>
</ol>
<p><strong>Team-Building</strong>: Die Team Social Days bieten eine Gelegenheit für Mitarbeiterinnen und Mitarbeiter, außerhalb des gewohnten Arbeitsumfelds zusammenzuarbeiten. Die gemeinschaftliche Arbeit bei der Frankfurter Tafel fördert den Teamgeist, stärkt die Zusammenarbeit und bietet eine wertvolle Erfahrung, die das Zusammengehörigkeitsgefühl im Team stärkt.</p>
<p><strong>Wertvolle Erfahrungen</strong>: Durch die direkte Mitarbeit bei der Frankfurter Tafel erleben die Teilnehmerinnen und Teilnehmer die Bedeutung sozialer Verantwortung und den direkten Einfluss ihrer Arbeit auf das Leben benachteiligter Menschen. Diese Erfahrung kann die Perspektive der Teammitglieder erweitern und ein stärkeres Bewusstsein für soziale Themen schaffen.</p>
<p>Die Team Social Days bieten auch die Möglichkeit, sich mit den Mitarbeitenden der Frankfurter Tafel auszutauschen und mehr über deren Arbeit und die Herausforderungen der sozialen Unterstützung zu erfahren. Dies fördert ein tieferes Verständnis und eine stärkere Verbindung zur Mission der Tafel.</p>
<ol>
<li><strong>Organisation und Koordination</strong>: Die Frankfurter Tafel koordiniert die Team Social Days, stellt sicher, dass die Aufgaben den Bedürfnissen der Tafel entsprechen, und organisiert den Ablauf des Tages. Unternehmen und Gruppen können im Vorfeld Termine vereinbaren und spezielle Wünsche oder Anforderungen kommunizieren.</li>
</ol>
<p>Insgesamt sind die Team Social Days an der Frankfurter Tafel eine wertvolle Gelegenheit für Teams, sich sozial zu engagieren, zusammenzuarbeiten und einen positiven Beitrag zur Gemeinschaft zu leisten. Sie bieten eine bereichernde Erfahrung sowohl für die Helfer als auch für die Menschen, die von den Unterstützungsmaßnahmen profitieren.</p>								</div>
				</div>
				<div class="elementor-element elementor-element-211efe5 elementor-widget elementor-widget-image" data-id="211efe5" data-element_type="widget" data-e-type="widget" data-widget_type="image.default">
				<div class="elementor-widget-container">
															<img fetchpriority="high" decoding="async" width="932" height="1024" src="https://frankfurter-tafel.org/wp-content/uploads/2024/09/Social-day-2-932x1024.jpg" class="attachment-large size-large wp-image-2914" alt="" srcset="https://frankfurter-tafel.org/wp-content/uploads/2024/09/Social-day-2-932x1024.jpg 932w, https://frankfurter-tafel.org/wp-content/uploads/2024/09/Social-day-2-273x300.jpg 273w, https://frankfurter-tafel.org/wp-content/uploads/2024/09/Social-day-2-768x844.jpg 768w, https://frankfurter-tafel.org/wp-content/uploads/2024/09/Social-day-2-11x12.jpg 11w, https://frankfurter-tafel.org/wp-content/uploads/2024/09/Social-day-2.jpg 1152w" sizes="(max-width: 932px) 100vw, 932px" />															</div>
				</div>
					</div>
		</div>
					</div>
		</section>
				<section class="elementor-section elementor-top-section elementor-element elementor-element-87db9ba elementor-section-boxed elementor-section-height-default elementor-section-height-default" data-id="87db9ba" data-element_type="section" data-e-type="section">
						<div class="elementor-container elementor-column-gap-default">
					<div class="elementor-column elementor-col-100 elementor-top-column elementor-element elementor-element-b0dcbe5" data-id="b0dcbe5" data-element_type="column" data-e-type="column">
			<div class="elementor-widget-wrap">
							</div>
		</div>
					</div>
		</section>
				</div>

<p>„als Team bei der Tafel anpacken“ Joint Social Days Bitte beachten Sie: Aktuell können wir zu unserem großen Bedauern KEINE weiteren Termine für die Social Days vereinbaren. Dies gilt aktuell bis Ende 2026. Wir freuen uns natürlich über die große Nachfrage und das anhaltende Interesse, sind aber bis auf Weiteres diesbezüglich ausgebucht. &#8212;&#8212;&#8212;&#8212;&#8212;&#8212;&#8212;&#8212;&#8212;&#8212;&#8212;&#8212;&#8212;&#8212;&#8212;&#8212;&#8212;&#8212;&#8212;&#8212;&#8212;&#8212;&#8212;&#8212;&#8212;&#8212;&#8212;&#8212;&#8212;&#8212;&#8212;&#8212;&#8212;- Die&nbsp;Team Social [&hellip;]</p>
